83. Is o a prime number?
False
Let r = 75 - 74. Let s be (4 + -3)/(r*(-1)/1). Is s - ((0 - 0) + -420) prime?
True
Suppose 0 = t + 3*h - 160462, 0 = 10*t + 5*h + 644174 - 2248919. Is t a composite number?
True
Suppose -4*y - 21 = -33. Suppose -y*n + 2187 = -0*n. Let i = -142 + n. Is i a composite number?
False
Let a(l) = 565*l**3 + 18*l**2 - 36. Is a(7) composite?
True
Is 69823 - (2/(-6)*7)/(7/(-6)) composite?
False
Let y(z) = 8*z**2 - 7*z + 12781. Is y(0) a composite number?
False
Let t be 0 - 0 - -4 - -1996. Suppose -5*a + t = 2*o, a + 4*o = 5*a - 1628. Suppose a = 2*v - 3328. Is v prime?
False
Let z(m) = 8394*m - 3941. Is z(5) a prime number?
False
Suppose 55*j - 62*j = 8288. Let v = -643 - j. Is v prime?
True
Suppose -40 - 25 = -13*y. Let c(a) = 95*a**3 + a**2 + 2*a - 5. Is c(y) composite?
True
Let m be (-1146)/(1*-2) + 0. Suppose -14*d - 25250 = -15310. Let z = m - d. Is z composite?
False
Let g = -45 - -48. Suppose g*b - 7 - 5 = 4*s, 2*s = -b + 4. Suppose 14301 = 5*m - b*a, 0 = 5*m + 2*a - 5*a - 14297. Is m a composite number?
False
Let u(q) = 1899*q + 50. Let b be u(-1). Let s = b - -3108. Is s a composite number?
False
Suppose -43*b + 179304 = -35*b. Let c = 34814 - b. Is c a composite number?
False
Suppose 3*d + 0*d = 2*l + 174, -5*d = 10. Let v = l - -247. Suppose 2*m - 2*i + v = 3*m, 0 = -m - 5*i + 157. Is m a prime number?
True
Let b(i) = -i**3 + 3*i**2 + 6*i - 9. Let c be b(5). Let w(j) = -30*j - 81. Is w(c) a prime number?
False
Let r(f) = 41834*f - 11433. Is r(4) composite?
True
Let a = -87 - -85. Let i be (-120221)/(-253) - a*1/(-11). Let c = 626 + i. Is c a composite number?
True
Suppose 2*v + 2 = 25*q - 27*q, 5*v = -20. Suppose -222 = -q*x + 135. Is x composite?
True
Is ((-6)/(-4) - 9665/4)*(165 + -169) a composite number?
True
Let a = 11883 - -28000. Let k = a - 19406. Is k prime?
True
Let q be (-3 + (-4)/(-4))*(-3)/2. Suppose 11373 = q*s - 3*y - y, 2*s - 2*y = 7582. Is s a prime number?
False
Let n(a) = -a**3 - 4*a**2 - 4*a + 7. Let h be n(-4). Suppose -84 = -3*k + 4*c, -2*k = c - 22 - h. Is (62/6)/(k/72) prime?
True
Suppose 0 = 33*o - 151*o + 45731018. Is o composite?
False
Is ((-1)/10 - (-935)/3850) + 11806878/7 a prime number?
True
Let c = -13277 + 25524. Is c a composite number?
True
Let b = -478 - -674. Suppose -4*n - 28 = 2*m - b, m - 64 = 2*n. Is m prime?
False
Let o = 319 - 317. Is 0 - (4/o - (1 - -6434)) composite?
True
Let p = 486 + 142. Let r = p + 1521. Is r prime?
False
Let g = -98313 - -150784. Is g composite?
True
Is 23/(-3) - (4 - (-56)/(-12)) - -59340 a prime number?
True
Let n = 44 + -41. Suppose -n*c = -3, 5*h = 3*h + c + 1895. Suppose -3*d + h + 1773 = 0. Is d composite?
False
Suppose -5*j + 23446 = 3*y - 7*j, 2*y - 15636 = 4*j. Suppose -2*f + y + 4421 = 5*x, -9788 = -4*x + 3*f. Is x a prime number?
True
Let x = -483 - -485. Suppose -4*s + 2344 = -5*d, 2*s - 6*d + x*d = 1178. Is s prime?
False
Suppose 3*s + 2*s - t = 1557, -5*t = 2*s - 639. Let c = s - -382. Is c a prime number?
False
Is 53015145/300 + (-84)/560 prime?
False
Let i(d) = -1523*d + 165. Let g be i(-13). Is 5/(-6) - g/(-24) prime?
False
Suppose z = 8*l - z - 59950, 37462 = 5*l + z. Is l composite?
True
Suppose -5*n + 451143 + 4161 = 3*l, -4*l = n - 607089. Is l prime?
False
Suppose -49*x - 23*x = 9*x - 14354091. Is x prime?
True
Suppose j = -5*w + 23, 2*j = w + 6*j + 3. Let q(t) be the third derivative of t**6/40 + t**5/60 - t**4/6 - t**3/6 + 12*t**2. Is q(w) a composite number?
False
Suppose 413946 = 2*j + 4*d, 5*d + 206959 = -2*j + 3*j. Is j composite?
True
Let p be (-1)/(5/28)*(-20)/8. Suppose 5*g - p*t + 18*t - 116 = 0, -g - 2*t + 28 = 0. Suppose g*d + 1941 = 23*d. Is d a composite number?
False
Suppose -17*q + 16 = -21*q. Let f be 9*(55/(-15) - q). Suppose 0 = f*p - p - 514. Is p a composite number?
False
Suppose -161797 = 30*x - 1128187. Is x a composite number?
False
Let l(p) = -p**2 + 8*p - 9. Let n(a) = 11*a + 5. Let y be n(0). Let q be l(y). Suppose -q*t + 14*t = 2648. Is t composite?
False
Suppose -15*n = -3*q - 11*n + 161055, 3*q + 5*n = 161082. Is q prime?
False
Let w(y) = 3*y**2 - 2*y - 11. Let b be w(-4). Let h be (-10)/b + 47/9. Suppose -3*r + 15 = 0, 0 = s - 2*s + h*r + 28. Is s a composite number?
False
Let p be 5*7001*8/10 - 2. Suppose -6*t = -12*t + p. Is t prime?
False
Let t be (12/30)/((-2)/(-10)). Suppose 5*m + 4 = 2*p - 0, t*m - 2 = -p. Is (-13 + p)/(4 - 21/5) a composite number?
True
Let o(l) = l**3 - 3*l**2 - 11*l - 5. Let r(u) = -u**2 - 9*u - 15. Let y be r(-5). Let q be o(y). Is (36/(-15) - -2) + (-5214)/q prime?
True
Suppose -22*w + 17*w - q + 1256918 = 0, -3*w + 754152 = q. Is w composite?
True
Let t(c) = -2556*c + 19. Let f be t(4). Is f/(-4) + (5 - 13)/32 a prime number?
True
Let r = 506 - 494. Is (293/(-2))/(r/(-24)) a prime number?
True
Let w(m) = -22*m + 66. Let g be w(-15). Is 27570/22 - (-8)/g*-9 composite?
True
Is 57265*1 + (12 + 16)*(-1)/(-7) composite?
False
Suppose 177*s + 2878207 = 256*s. Is s a composite number?
False
Let u = 133 - -183. Let a = u + -157. Is a*-1*(42/9 - 5) a composite number?
False
Let f = 169109 + 182076. Is f a composite number?
True
Suppose 206*w = 263*w - 7827753. Is w a composite number?
True
Let o = 9 - 5. Suppose -2*n + 18 = -3*n + u, 3*n + o*u + 33 = 0. Is (n - 2180)*((-4)/10 + 0) a composite number?
True
Let x = 491 + -132. Let m = 1270 - x. Is m prime?
True
Suppose 5 = 15*n + 5. Suppose -z + 19 + 11 = n. Let o = z + 25. Is o a prime number?
False
Let o(n) = 190*n**2 - 4*n + 11. Let b be o(6). Suppose 4*t - b = -3*k, -2*k + t + 6847 = k. Is k prime?
True
Let r = 708362 - 380871. Is r a composite number?
False
Suppose 2*h + 1348 = -2*h. Let k = 515 + h. Suppose 7*a - k = 5*a - 4*t, -2*t = -4. Is a composite?
True
Let v be 10/((-550)/23837) + (-4)/(-10). Let p = v + 470. Is p a prime number?
True
Suppose -d + 4 = -f, 0*d + 5*d + 15 = 0. Let y = f - -12. Let q(j) = 13*j**3 + 3*j**2 - 10*j + 5. Is q(y) a prime number?
False
Suppose 2*p - 3*z + 100 = 0, -2*p - 2*z - 57 = -p. Let m = 11012 - 11116. Let o = p - m. Is o a composite number?
True
Suppose 0 = 10*n + 3*n + 13*n - 43862. Suppose -3*u - 323 = -2261. Let y = u + n. Is y a composite number?
False
Suppose 6*d - d - 2*o + 16 = 0, 2*o = -3*d. Let a be (6/(-4))/(d/116). Suppose 0 = 5*w - 38 - a. Is w a composite number?
True
Let v(p) = -2*p**3 + 230*p**2 - 77*p + 515. Is v(66) a composite number?
False
Let h(z) = -96*z**3 + z**2 + 7*z - 7. Let v be h(-6). Suppose -19*p + v = -2*p. Is p a prime number?
False
Let n = -189 + 268. Let j(z) = 1719*z - 1847*z - n + 4. Is j(-16) a composite number?
False
Suppose -473790 = -15*q + 3465. Is q a prime number?
True
Let i = 63958 - 32163. Is i prime?
False
Suppose -4*z - 46 + 282 = 0. Suppose -z*i + 66*i = 42938. Is i a composite number?
True
Let b = 340262 - 213201. Is b a prime number?
False
Let r(w) = -25*w - 23. Let c be r(-5). Let g = -53 + c. Let h = g + 78. Is h a composite number?
False
Let j be (-13)/((-7155)/3580 - -2). Let o = -4773 - j. Is o a prime number?
False
Let x(p) = 184*p + 633. Is x(31) composite?
False
Let p(a) = 2*a**3 + a**2 - 73*a - 66. Let k(n) = n**3 - 37*n - 33. Let d(m) = 7*k(m) - 4*p(m). Is d(-26) a composite number?
True
Let g = -57 + 65. Suppose 0*f + 68568 = g*f. Suppose 0*m - m = 0, -f = -3*y + 5*m. Is y a prime number?
True
Suppose -n = -778 - 290. Let o = 8275 - n. Is o prime?
True
Suppose 4*f = 5*i - 850401, 3*i + 382*f - 383*f = 510242. Is i composite?
False
Let y(t) = t**2 + 5*t - 3. Let q be y(-5). Let a be 2/((-1355)/(-4865) - (-4)/(-14)). Is a/3*q - 1 a prime number?
True
Let g(a) = a**2 - 10*a - 33. Let j be g(14). Let h = -27 + j. Is ((-377)/26)/(1/h) a composite number?
True
Let k(z) = -2*z**2 - 14*z + 60. Let y be k(-10). Suppose -18*u + 18189 + 19593 = y. Is u prime?
True
Let v(t) = -33808*t - 4587. Is v(-47) a prime number?
True
Let m = 184210 + -13917. Is m a prime number?
True
Let x(m) = 559*m**2 + 15*m + 43. Suppose 6 = -9*t - 30. Is x(t) prime?
False
Suppose 0 = -s - 6 + 3. Let y be -1 - -2 - (s - -4). Suppose 4*o - 2*m - 252 - 24 = y, m - 75 = -o. Is o prime?
True
Suppose 4*j - 4548 = -u, -88*j - 5674 = -93*j - 4*u. Suppose -2*x = -3*x - 16. Is (-2)/8 + (-2)/x*j composite?
True
Is 980/(-84) + 11 - (-221950)/6 prime?
False
Let d be 